+ a**2 + 2. Let l(h) = 17*b(h) + 6*r(h). Determine l(7).
34
Let p = 35 + -4. Let y(u) = p + 2*u + 3*u**2 + u + u**3 - 28. Determine y(-3).
-6
Let u be (-738)/72 - 4/(-16). Let j(i) = i**2 + 15*i + 8. Calculate j(u).
-42
Let m(t) = 5*t**2 + 4*t + 2. Let g(r) = 6*r**2 + 5*r + 2. Suppose 4*f - 5*n = -20, -3*f + 3*n - 15 = -2*n. Let s(j) = f*m(j) + 4*g(j). Determine s(0).
-2
Suppose -2*m - 3 = -9. Suppose -1357 = -m*n - 454. Let a be n/(-63) - (-4)/(-18). Let t(z) = -z - 5. Give t(a).
0
Let w(o) = o**3 - 7*o**2 + 6*o + 6. Suppose -24 = -3*v - 0*v. Let a be v/(-20) + 496/(-10). Let b be 1/(-4) - a/8. Determine w(b).
6
Let h(u) = -3*u**3 + 6*u**2 + 4*u + 7. Let c(d) = -17*d**3 + 31*d**2 + 20*d + 35. Let z(l) = -2*c(l) + 11*h(l). Give z(-3).
4
Let h(o) be the first derivative of -2 - 2*o + 1/2*o**2. Let q = 281 - 284. Determine h(q).
-5
Suppose 0*t = t + 2. Let j be (-3)/((-9)/15) + t. Let i(q) = -86 - 2*q + 90 + 3*q + q. What is i(j)?
10
Let v(d) = 42*d + 4. Let t(x) = 8*x - 1. Let r(o) = -5*t(o) + v(o). What is r(-4)?
1
Let k(s) = s**2 - s - 1. Let y be k(-3). Let o = y + -10. Let i(x) = 2*x - 2*x + 2*x. Calculate i(o).
2
Let k be 11/5 - (-6)/(-30). Suppose s + 0 = k. Let f(j) = -3*j**2 - 3*j - 4*j**2 + j + 0*j**s + 1. What is f(1)?
-8
Let s(h) = -h**2 + h - 5. Let y = -353 + 357. Determine s(y).
-17
Let g(a) = -2*a + 60. Let h(b) = -b + 32. Let y(n) = 3*g(n) - 5*h(n). Calculate y(10).
10
Let k(m) be the first derivative of -5*m**2 + 10/3*m**3 - 5 - 1/4*m**4 + 4*m. Calculate k(9).
-5
Let n(w) = -30*w**3 - 135 - 3*w - 2*w + 124 - 8*w**2 + 31*w**3. Determine n(8).
-51
Let k(j) be the third derivative of -j**7/840 - j**6/72 - j**5/20 - j**4/12 - 7*j**3/2 + 17*j**2. Let a(d) be the first derivative of k(d). Calculate a(-4).
6
Let h(a) = 4*a + 4. Let y(g) = -10*g**3 + 3*g**2 + 7*g + 4. Let p be y(-2). Let f = p - 86. Give h(f).
-12
Let m(j) = -j**2 + j - 1. Suppose -5*c + 10 = -0*c. Let l(q) = -3 - q**3 + 3 - 4*q + 2*q**3 - 5*q**c. Let x(k) = -l(k) + 2*m(k). Calculate x(4).
6
Let h(x) = x**3 - 2*x**2 - 6*x + 4. Suppose -5*r + 349 = 334. Let g be h(r). Let u(o) = -o**3 - 6*o**2 - 5*o + 5. Determine u(g).
5
Let l be ((-3)/(-2))/((-7)/(-154)). Let f be l/15 - 1*1/5. Let g(r) = 2*r**2 + r + 2. Let y(w) = w**2 + 2*w + 1. Let c(k) = 2*g(k) - 3*y(k). Determine c(f).
-3
Let s(h) be the second derivative of 1/4*h**4 + 0 + 18*h - 1/2*h**3 + 0*h**2. Give s(2).
6
Let l(j) = 4*j + 30. Let r be (0 - 7)*-3*(-12)/36. Determine l(r).
2
Let g be (-15)/(-2) - (-9)/6. Let z = -8 + g. Let l(h) = -5*h**2 - 5*h + 6. Let p(n) = n - 1. Let s(r) = z*l(r) + 5*p(r). Calculate s(1).
-4
Let k(h) = 2*h - 1. Let v = 0 + 0. Suppose 10*d - 159 = 81. Suppose -p - 19 = -3*y, v = -3*y + 7*y - p - d. Determine k(y).
9
Let i = 425 + -425. Let s(j) = -j**2 - j + 24. What is s(i)?
24
Suppose -40 - 60 = -4*w. Let t be -6*(-3 + w/10). Let i(n) = -2*n**2 + 3*n + 4. Give i(t).
-5
Let a be 2 + 2 + 1 + 3. Suppose -44*k = -42*k - a. Let v(q) = q**3 - 5*q**2 + 3*q. Calculate v(k).
-4
Let o(x) = 3*x - 13. Let u = 2124 - 2120. What is o(u)?
-1
Let n(a) = a**2 - 52*a - 50*a + 100*a - 4. What is n(5)?
11
Let f(s) = -2*s**2 - 17*s + 4. Let d = -79 - -70. What is f(d)?
-5
Let n(u) = u**2 + 20*u + 96. Let x be n(-8). Let y(c) = c + 3. What is y(x)?
3
Let o be (1/2)/(2/16 - 0). Suppose 0*m = 2*q - 3*m + 8, -o*q - m - 2 = 0. Let v(d) be the second derivative of -d**4/12 + d**3/6 - 4*d. Determine v(q).
-2
Let f(s) = s + 4. Let a(l) = 2*l + l**2 + 0*l - 2*l. Let g be a(0). Let r = g - 7. What is f(r)?
-3
Let d(l) = -l**2 + 5*l - 3. Let n(x) be the second derivative of -x**5/20 - x**4/2 - 2*x**3/3 + 5*x**2 + 26*x. Let m be n(-5). What is d(m)?
-3
Let p(m) = -27*m**2 - 2*m + 5. Let j(a) = -26*a**2 - 2*a + 4. Let x(o) = -4*j(o) + 3*p(o). Give x(1).
24
Let t = 1841/4 + -460. Let a(l) be the first derivative of -1/3*l**3 - 7 - l - l**2 + t*l**4. What is a(-1)?
-1
Suppose 2*p + 2*p - 40 = 0. Suppose -5*j = -p - 10. Let i(b) = -b**2 + 4*b + 5. Let w(k) = -k**2 + 4*k + 6. Let l(u) = 3*i(u) - 2*w(u). Calculate l(j).
3
Let z(l) = -l**2 - 2*l + 6. Suppose -3*o = 3*q - 12, 2*q - 5*q - 4 = -5*o. Suppose i + 0*i = q. Suppose 10 = i*f - 4*f. Give z(f).
-9
Let m(l) be the third derivative of 1/8*l**4 - 9*l**2 + 0 + 1/6*l**3 + 0*l. Give m(1).
4
Let q(b) = b**3 - 6*b**2 + 5*b + 6. Let r be q(5). Let d(a) = -10*a - 12 + r*a + 18. Calculate d(4).
-10
Let c(z) = -2*z**2 - 12*z - 5. Suppose 8 = -x - 2*o, -4*x + 4*o = 21 + 11. Calculate c(x).
-37
Let s(v) = -v - 1. Let l(q) = -6*q**3 - q**2 + q + 1. Let h be l(-1). Suppose -15 = -h*y - 5. Let u = 6 - y. Calculate s(u).
-5
Let r(c) = 108*c**2 + 14 + 13 - 107*c**2 - 25 - 5*c. Give r(0).
2
Let y be (-1)/(0 + 3 + (-58)/19). Suppose 0 = c - y + 15. Let k(x) = -2*x + 1. Calculate k(c).
-7
Let a(q) = -13693*q - 10*q**2 + 1 + 13693*q. Determine a(-2).
-39
Let n(c) = -5*c**3 - c - 1. Let s be n(-1). Suppose 0*x - s*o = -2*x + 11, 3*o = 2*x - 13. Let j(z) = -z**2 + 8*z - 2. Calculate j(x).
-2
Suppose -6*h = -h, -p - 5*h = 0. Suppose -3*u + p = 12. Let w(b) = b + 2. What is w(u)?
-2
Let n(g) = g**2 - 9*g - 7. Let m = 34 + -22. Let x be (m/(-15))/(2/(-25)). Determine n(x).
3
Let b = 196 + -189. Let v(m) = -m**3 + 7*m**2 + m - 3. Calculate v(b).
4
Let s(f) = -3*f**3 + 17*f**2 - 17*f + 24. Let p be -20 + (10/3 - 8/24). Let m(n) = -n**3 + 6*n**2 - 6*n + 8. Let i(b) = p*m(b) + 6*s(b). What is i(0)?
8
Let z(w) = w - 3. Let a(i) = i - 2. Let o(m) = 6*a(m) - 5*z(m). Let p be -1 - 1 - 8 - -3. Let v be 6/21 + 37/p. What is o(v)?
-2
Let o(j) = -j**3 - 3*j**2 + 17*j + 34. Let h be o(-5). Let x(v) = 34*v**2 + 4*v + 3. What is x(h)?
33
Let o(r) = r**2 - 6*r + 9. Let z be o(8). Suppose 0 = 7*y + 17 + z. Let s(w) = w**3 + 5*w**2 - 5*w + 3. Calculate s(y).
-3
Let z(u) = 2*u**2 + 4*u + 1. Let y be z(-3). Let x(n) = -3*n**2 + 24*n - 22. Let r(v) = v**2 - 8*v + 7. Let j(b) = -7*r(b) - 2*x(b). Determine j(y).
2
Let g(i) = -i**3 + 11*i**2. Let d = 114 + -103. What is g(d)?
0
Let p = 74 - 130. Let w be 9/(-6)*p/21. Let x(i) = -i**2 - 3*i - 4. Let b(q) = 2*q**2 + 4*q + 4. Let n(h) = -2*b(h) - 3*x(h). Calculate n(w).
-8
Let k(l) = l**3 - 16*l**2 - 2*l + 19. Let n(h) = h**3 - 4*h**2 - 7*h + 26. Let c be n(5). Give k(c).
-13
Let i(h) = -16*h**3 + 4*h**2 - 6*h**2 + 4*h**3 + h + 11*h**3 - 4*h**2 + 2. What is i(-6)?
-4
Let q(o) = o - 3. Let i be q(4). Let p be -2 + 2/i*3. Suppose 13 = n - 7*r + 2*r, p*n + 5 = r. Let z(d) = -d**3 + d**2 + 2*d - 1. Give z(n).
7
Let z(l) = l**3 + 9*l**2 - 2*l + 11. Suppose -58 = 6*h - p, -29 = 2*h - h - 5*p. Give z(h).
29
Let s(z) = 148 + 5*z - z**3 + 4*z - 139 - 8*z**2. What is s(-9)?
9
Let q = 28 + -22. Let o(x) = -q*x**2 - 5*x - 1 + 7*x**2 + 3. Let l(r) = r - 6. Let v be l(8). Give o(v).
-4
Let j(f) = 3*f + 4. Let d = 6 - 3. Suppose -2*v + 15 - 5 = -2*s, -5 = -v - s. Suppose v = -5*q + 2*q - 4*g, 3*g = d*q + 12. Give j(q).
-5
Suppose 0 = -3*a + 3*r + 47 + 22, -4*r + 132 = 4*a. Suppose -4*x - a = 5*d - 4*d, 3*x + 21 = -3*d. Let w = -4 - x. Let z(j) = j**3 - 4*j**2 + 2*j. What is z(w)?
-3
Let p(c) = c**3 - 8*c**2 - 10*c + 11. Let z be p(9). Let y be z*8/(-2) + (0 - -1). Let l(k) = k**3 + 6*k**2 - 7*k + 4. Determine l(y).
4
Let c(h) = 2*h - 21. Suppose -47*n + 33*n = 72*n. What is c(n)?
-21
Let i be (-5 + 11/(-14)*-6)*-7. Let b(q) be the second derivative of -9/2*q**2 - i*q - 1/6*q**3 + 0. What is b(-6)?
-3
Let r(x) be the second derivative of 3*x**3 + x**2/2 + 33*x - 2. Calculate r(-1).
-17
Let f be 9/24 + 63/24. Let i be (-2 - (-2 + 1)) + f. Let h(d) = 3*d - 3. Calculate h(i).
3
Let p(x) be the third derivative of -1/12*x**4 - 1/60*x**5 + 9*x**2 - 1/6*x**3 + 0*x + 0. Let a be 0 + 1 - (2 - -1). Give p(a).
-1
Let k = 299 + -302. Let p(b) = -4*b**2 + b + 2. Determine p(k).
-37
Let x(o) = -141*o + 302*o - 154*o - 2 + 1 + 0. What is x(2)?
13
Let b(a) = a**2 - 6*a + 8. Let q(y) = -2*y**2 + 13*y - 17. Let k(s) = -11*b(s) - 6*q(s). Determine k(11).
3
Let k(x) = -x**3 + 4*x**2 + 6*x - 1. Suppose -2*g + 14 = 2*y, 19 = -g + 5*g + y. Suppose -2*t + 5 = -t, g*c + 2*t = 30. What is k(c)?
4
Let b = 161 - 163. Let f(q) = 4*q - 1. Calculate f(b).
-9
Suppose -9 - 5 = 3*r - 5*z, -z + 4 = 0. Let l(v) = -42*v**2 + 35*v**r - v**3 - 9 - 13*v + 5*v. What is l(-6)?
3
Let a(o) = -o**3 - 484*o**2 + 227*o**2 + 269*